e n(c).
-2
Let x(h) be the first derivative of 4*h**2 + h - 7. Calculate x(-1).
-7
Let v(o) = o - 1. Let i(b) = b**3 - 20*b**2 + 20*b - 17. Let n be i(19). Suppose -3*t - n*t = 0. Calculate v(t).
-1
Let c(s) = -s**2 + 8*s - 9. Let k be (-128)/(-18) - (506/99 + -5). Let y = 32 + -9. Suppose -k = -5*q + y. Determine c(q).
3
Let r(d) = -d**3 + 12*d**2 - 32*d - 13. Let y be r(7). Let v(j) = -j**3 + 7*j**2 + 6*j + 14. What is v(y)?
-2
Let v = 2519 + -2529. Let c(i) = i - i - i - 7. Determine c(v).
3
Let m(b) = 415*b + b**2 - 7 - 195*b - 219*b. Determine m(-3).
-1
Let n be 15/(-3)*(-4)/(-5). Let w(z) = -45*z - 19. Let f(a) = 13*a + 6. Let s(d) = -7*f(d) - 2*w(d). Calculate s(n).
0
Let a(c) be the first derivative of c**3/3 - 4*c**2 + 4*c + 8. Let p be (-4)/(-18) - 1208/(-72). Let v = p - 9. Calculate a(v).
4
Let n be ((-9)/2)/(12/(-8)). Let x(c) = 6*c - 78 - c**2 + n*c + 85 - 2*c. What is x(9)?
-11
Let c(a) = a**2 + a + 5. Let y be c(-3). Let z(p) = -p + 1 + y - 7 + 8. Let j(q) = q - 7. Let b be j(7). Give z(b).
13
Let q(s) be the first derivative of 11*s**2/2 + 26. Suppose 3*o + 2*o - b = -8, 4*o = 3*b - 13. What is q(o)?
-11
Let l(j) = -j**2 + 3*j - 1. Let o(z) = z**3 - 2*z**2 + 3*z - 4. Let b be o(3). Let g = b + -10. Give l(g).
-5
Let m(p) = -46 + 51 - 3*p + 3*p - 3*p. What is m(4)?
-7
Let o(p) = -3*p**2 - p. Let u(q) = -3*q + 1. Let y be u(-5). Suppose -2 = -3*g - 2. Suppose -v - 1 = 5*r + 25, g = -4*v + 4*r + y. Calculate o(v).
-2
Let a(g) be the second derivative of 5*g**4/4 - g**3/6 - g**2/2 - 24*g + 2. What is a(-1)?
15
Let d be 4/10*(-10)/1. Suppose 0 = -28*r + 25*r + 9. Let c(m) = -3*m**2 - 2 + 14*m - 16*m - m**2 + r*m**2. What is c(d)?
-10
Let h(y) = -3*y**3 - y**2. Let p(z) = -22*z**2 + 198*z - 1. Let r be p(9). Determine h(r).
2
Let g(r) = -29*r + 15*r - 21 + 33 + 15*r. Determine g(-5).
7
Let p(d) be the second derivative of -d**5/5 - d**4/12 + d**3/3 - d**2/2 + 4*d. Determine p(1).
-4
Let s(n) = n**2 + 20*n - 19. Let r be s(-21). Let m(y) = -6 + r*y - 3*y + 0*y + 4. Suppose 0 = -u + 4*u - 15. Calculate m(u).
-7
Let w(d) be the third derivative of 0*d + 5/6*d**3 - 4*d**2 + 1/24*d**4 + 0. Let l be -8*(-1)/(-4)*4. Give w(l).
-3
Let o(w) = -11*w**2 - 8*w + 5. Let n(i) = 9*i**2 + 7*i - 5. Let c(m) = 6*n(m) + 5*o(m). Determine c(0).
-5
Let y(i) = 29*i + 3724 - 3754 - 30*i. Suppose 0 = -2*z - 2*z. Give y(z).
-30
Let i = 2 + 2. Let z(p) = 11*p - i*p - 3 - 11*p. Let b = -9 + 6. Give z(b).
9
Let h = -472 + 467. Let c(l) = -5*l - 18. Determine c(h).
7
Let i(q) = -2 + 1956*q - 1959*q + 4. Let v = 0 + -2. Determine i(v).
8
Let j(f) be the second derivative of -f**4/6 + f**2/2 + f. Let g be (1 - 13/3)/((-6)/9). Suppose -10 = -g*v + 3*v, -4*i - 5*v + 33 = 0. What is j(i)?
-7
Let i be 3/(-4) - (-25)/(-4). Let j(r) = r**2 + 7*r + 3. Let w be j(i). Suppose 5*y + w*l = -18, -4*y + 3*l - 40 = -l. Let v(b) = -b - 7. What is v(y)?
-1
Let g(o) = o**3 + o + 2. Let q(w) = 4*w**2 - w. Let a be q(1). Suppose 4*n - 13 = 3*r - 3, a*n + 3 = -3*r. Determine g(r).
-8
Let a = -395/6 + 66. Let h(y) be the second derivative of 0 - 3/2*y**2 - a*y**4 - 1/3*y**3 - 3*y - 1/10*y**5. Calculate h(-2).
9
Let o(r) = -r**2 - r. Let l = 584 + -582. Let k(h) = -2 + h**2 - h + h - 2*h. Let q be k(l). Calculate o(q).
-2
Let h = -1555 + 1557. Let m(p) = p**2 - 5*p + 7. Calculate m(h).
1
Let g(l) = l**2 + 2*l - 1. Suppose 30*y + 125 = 25*y. Let a = 27 + y. Determine g(a).
7
Let y(d) be the first derivative of d**3/3 - 3*d**2 - d - 21. What is y(10)?
39
Suppose -75*w - 20 = -80*w. Let r(f) = 6 + 9*f - f - w*f + f**2 + 3*f. Determine r(-7).
6
Suppose 6*l + 14 = 38. Let z(a) = -5*a - 6 + 2*a**3 + 9 - a**3 - 2*a**2. Calculate z(l).
15
Let x be 3/(-6)*(-2 + -6). Suppose q + 3*s = -3 + 20, 4*q - 28 = -x*s. Suppose -q*f + 20 = 3*f. Let m(z) = z**3 - 3*z**2 - 4*z + 6. Give m(f).
6
Let d(i) = -6 + 17*i - i**2 - 10*i - 2*i. Give d(5).
-6
Let g(k) be the second derivative of -k**6/360 + k**5/15 - 35*k**3/6 - 3*k - 8. Let p(q) be the second derivative of g(q). Calculate p(7).
7
Let h(w) = -w + 6*w + 2*w**2 - 5*w**2 + 74 - 78. Determine h(4).
-32
Let s(w) be the first derivative of -4*w**2 + 3*w - 2*w + 10 + 5*w**2. Give s(-5).
-9
Let h(c) = -3*c**3 - 5*c**2 - 4*c. Let b(i) = -1 - i**3 - 487*i**2 - i + 487*i**2. Let m(o) = 4*b(o) - h(o). What is m(5)?
-4
Let y(q) = -3*q + 5. Let b(t) = 3*t - 7. Let o(r) = -5*b(r) - 6*y(r). Calculate o(-6).
-13
Let i(n) = 8*n + 19. Let u(x) = 42*x + 93. Let z(w) = -11*i(w) + 2*u(w). What is z(-7)?
5
Let k(r) be the second derivative of -5*r**4/12 + r**3 - 7*r**2/2 + 9*r. Let x(z) = 6*z**2 - 7*z + 8. Let d(m) = 7*k(m) + 6*x(m). Calculate d(1).
0
Suppose 0 = -3*f - 2*f + 95. Let y = f - 17. Let x(z) = -3 + z**2 - z + 0*z**2 + y*z + 2. Determine x(0).
-1
Let g(p) = p + 2. Let m(l) = -l - 2. Let w be 6*((-3)/(-15))/((-12)/(-30)). Let c(r) = w*g(r) + 4*m(r). Let z(k) = k**2 + 5*k + 4. Let a be z(-3). What is c(a)?
0
Let p(l) = 8*l + 4. Let z be p(-3). Let t be (-3)/4 + 65/z + 2. Let s(f) = 2 + 0 - 5*f - f**3 + 4*f. Give s(t).
12
Let o(f) be the first derivative of f**4/4 - 7*f**3/3 + 5*f**2/2 - 5*f - 570. What is o(6)?
-11
Let f be (-3)/(12/(-9) - (-150)/72). Let z(i) = i - 8. Let q(y) = 3*y - 23. Let c be 8 - 3/(-6)*0. Let p(w) = c*z(w) - 3*q(w). Determine p(f).
9
Let m(n) = -2*n**2 + 2*n + 2. Suppose -106 = 4*s + 4*q - 22, 0 = -s + 4*q - 41. Let a = s - -28. What is m(a)?
-10
Suppose 2*j = 5*k + 2, -2*k + 23 = 3*j + 20. Let h(u) = u**3 - u**2 - 3. Calculate h(k).
-3
Suppose 39*r = 41*r + 2. Let s be (-40)/20 + (0 - -2 - r). Let z(u) = -u**2. Calculate z(s).
-1
Let f(h) be the first derivative of 5*h**2/2 + 4*h - 350. What is f(-2)?
-6
Let t(n) be the second derivative of -n**5/20 + n**4/3 + n**3/6 - n**2 - n - 44. What is t(3)?
10
Suppose -12*x = -9*x - 18. Let b be x/4*(-40)/(-15). Let w(g) = 4*g + 2. Let h(r) = 23*r + 11. Let o(p) = 6*h(p) - 34*w(p). Determine o(b).
6
Suppose 6*m + 30 + 12 = 0. Let b(l) = l**3 + 8*l**2 + 6*l - 4. Determine b(m).
3
Suppose 3*q + 2 = -3*o - 1, 5*q + 15 = -3*o. Let u be (0/(-1))/(q - -7). Let x(k) = u*k + 0*k**3 + 1 + 10*k**2 + k**3 - k - 6*k**2. Give x(-4).
5
Let d(u) = -u**2 + 2*u. Suppose 14*k + 10*k - 72 = 0. What is d(k)?
-3
Let n(z) be the second derivative of z**4/12 + z**3/2 + 2*z**2 - z - 14. Give n(3).
22
Suppose 0 = -7*j + 8*j - 3. Suppose -j*s - 5*p = 19, 2 - 7 = -5*s - p. Let i(v) = 2*v + 1. Determine i(s).
5
Let y(r) = -r**2 + r + 4. Let z be y(0). Let d(v) = -z + 3 - 2 + 4*v. Calculate d(-3).
-15
Suppose 0 = c + 1 - 7. Let w(x) be the first derivative of -2*x**3 - 1 + 7*x + 1/4*x**4 - x**2. Determine w(c).
-5
Let g(a) be the second derivative of -11*a**3/6 + 7*a**2/2 + 10*a + 4. Let x(o) = -24*o + 15. Let n(z) = -13*g(z) + 6*x(z). Give n(6).
-7
Let l be (-1)/((1 - 2)/(-3)). Let u(k) = k**2 + 8*k + 4. Let w be u(l). Let x(v) = -26*v + 16. Let q(c) = 5*c - 3. Let a(j) = w*q(j) - 2*x(j). Determine a(-2).
7
Let j(h) = -8*h**2 + 15*h - 2. Let t(r) = 3 + r + 4*r**2 + 3*r**2 - r - 14*r. Let v(a) = -6*j(a) - 7*t(a). Suppose 3*m = m + 12. What is v(m)?
3
Let t(d) = -4*d**2 + 18*d + 216. Let c be t(10). Let u(g) = -14*g. What is u(c)?
56
Let q(i) = 7*i**2 + 84 + 32 - 10*i + i**3 - 125. Determine q(-8).
7
Let l(u) = 2*u**3 + 21*u**2 + 5*u + 14. Let x(a) = -3*a**3 - 31*a**2 - 8*a - 20. Let g(b) = 7*l(b) + 5*x(b). Determine g(-7).
-16
Let f(j) be the first derivative of j**3/3 + 7*j**2/2 + 16*j + 462. Give f(-4).
4
Suppose s - 2 = 6. Let o(u) = -11*u - 17. Let i(v) = -3*v - 2. Let y(z) = -4*i(z) + o(z). Give y(s).
-1
Let h(m) be the third derivative of m**6/120 + 2*m**5/15 + m**3/6 + 2*m**2 - 15. Give h(-8).
1
Let m(f) = -2*f**2 + 37*f + 7. Let x(t) = -t**2 + 18*t + 3. Let d(z) = -3*m(z) + 7*x(z). Let r be d(15). Let a(p) = p**3 - p - 10. What is a(r)?
-10
Suppose g - 128 = t, 4*t + g = -360 - 147. Let q = 133 + t. Let c(x) = -x**2 + 3*x + 6. Calculate c(q).
-12
Let d(a) be the third derivative of -a**4/24 - 2*a**3 + 15*a**2. Let i be d(-6). Let b(j) = -j**3 - 7*j**2 - 4*j + 7. What is b(i)?
-5
Let j(m) = -24*m - 4. Let u(x) = -49*x - 9. Let d(i) = -7*j(i) + 3*u(i). Suppose -6 = 3*z, -5*o + 2*z = -2*o - 7. Determine d(o).
22
Let h(r) be the second derivative of -6*r + 1/6*r**3 + 0 - 1/2*r**2. Let f(o) = -o**3 + 4*o**2 + 1. Let b